lculate the greatest common divisor of p and k.
21
Suppose 0 = 6*v - 412 - 20. Suppose -5*r - 2 + v = 0. Let h(l) = -6*l**3 + l**2 - l - 1. Let o be h(-1). What is the greatest common factor of o and r?
7
Let d = 153 - 311. Let a = d - -181. Let s(n) = 6*n**2 - 2*n + 3. Let g be s(2). Calculate the highest common factor of g and a.
23
Let c(a) = 16*a - 4. Let o be c(3). Let z = -2487 - -2507. Let v = z + o. What is the highest common divisor of v and 8?
8
Let v(u) = -8*u - 17. Let f be v(-15). Let p = f + 352. What is the highest common factor of p and 70?
35
Let l(f) be the first derivative of -61*f**2/2 + 152*f + 17. Let t be l(-12). Calculate the highest common factor of 52 and t.
52
Let c be (8/(-6))/((5/(-50)*-8)/(-9)). What is the greatest common factor of c and 27?
3
Suppose 162 = 77*l - 74*l. Suppose o - 8*o + 504 = 0. Calculate the greatest common factor of l and o.
18
Let k = 484 + -483. Let x be 10*(k + 56/35). What is the greatest common factor of x and 936?
26
Suppose 32 = 4*b - o + 11, b - 2*o = 14. Let f be ((-63)/28)/(b/(-304)). Calculate the highest common factor of f and 76.
19
Let y be 924/(-55)*(-15)/3. Let j = 31 + -23. Let d = 64 - j. What is the highest common factor of y and d?
28
Let b be (5 + -1)/1 + 64*11. Let c = 808 - b. What is the greatest common divisor of c and 120?
20
Let w(u) = -44*u - 4. Let n be w(-5). Let x(z) = 6*z + 6. Suppose 27*g - 79 - 56 = 0. Let i be x(g). Calculate the highest common factor of i and n.
36
Suppose v + x - 654 = -306, 3*x = v - 360. What is the highest common divisor of v and 1872?
117
Let g = -1673 - -1697. Calculate the greatest common factor of g and 768.
24
Let j = -4004 - -4014. What is the highest common factor of j and 15?
5
Let u = -237 - -240. Suppose -4*s - u*c + 39 = 0, 0 = s + 5*c - c - 13. Calculate the highest common factor of 9 and s.
9
Let w = -595 - -374. Let m = 341 + w. What is the highest common factor of m and 24?
24
Suppose -12*j - 80*j = -22080. What is the highest common divisor of 900 and j?
60
Let t be ((-8)/(-12))/((-16)/(-1344)). Let k = -4 - 8. Let y be (16/k)/(4/(-42)). What is the highest common factor of t and y?
14
Let i = 4717 - 4117. What is the greatest common factor of 450 and i?
150
Let i be 521/(-3) + 33/(-99). Let q = i - -200. What is the highest common divisor of 117 and q?
13
Let f(c) = -2*c - 7 + 44 + c. Let m = -347 - -354. Let r be f(m). Calculate the highest common factor of 10 and r.
10
Let s be 4*2/(-52) - (-3 + (-1106)/91). Calculate the highest common factor of s and 9530.
5
Let t be -4*1*(-30)/(-24). Let x be (t - -6)*1*-3. Let i be (-41)/x - 38/57. Calculate the greatest common factor of i and 13.
13
Suppose -2*u + 2*t - 24716 = -6*u, 2*u - t - 12358 = 0. Calculate the greatest common factor of 148 and u.
37
Suppose -x - 923 - 1623 = -4*j, -2542 = -4*j + 3*x. Calculate the greatest common factor of j and 13.
13
Let o be -1 + -82*466/(-4) + (-18)/(-3). Calculate the greatest common divisor of o and 54.
54
Suppose -217*r - 110 = -222*r. Suppose 4*j = 3*y - 83, -4*y + 2*j = -182 + 58. Calculate the greatest common factor of y and r.
11
Let w = -3060 - -3120. Calculate the greatest common divisor of 100 and w.
20
Let w be (592/12)/((-12)/(-18)). Let b be (1 - 17)/(w/(-333)). Calculate the highest common factor of b and 24.
24
Let f = 179 - 170. Suppose 0 = f*l - 2439 - 3996. Calculate the highest common factor of 65 and l.
65
Let o = 13354 + -9328. Calculate the highest common factor of 66 and o.
66
Suppose -f - 5*d - 357 = 0, -f - 5*d - 357 = -2*d. Let q be (2 - 7 - f) + 0 + -1. Calculate the greatest common divisor of q and 39.
39
Let t(k) = -k**3 + 12*k**2 + 29*k + 31. Let o be (4/(-10)*-2)/((-12)/(-210)). Let j be t(o). What is the greatest common divisor of 27 and j?
9
Let v(l) = l**3 + 73*l**2 - l + 55. Let d be v(-73). Calculate the highest common factor of 7104 and d.
64
Suppose -55*p + 1240 = 470. What is the highest common divisor of p and 182?
14
Suppose 8*a + 47*a + 24860 = 0. Let c = a + 465. Calculate the greatest common divisor of c and 299.
13
Suppose -5*v + 170 = 5*l, 62 = -l + 4*l - 5*v. Suppose -31*z = -32*z + 2*w + 37, -2*w + 79 = 3*z. Calculate the highest common divisor of z and l.
29
Suppose 0 = -3*j - 3*y + 18, 2*j + 2*y + y = 17. Suppose -5*h = 2*b - 48 - 45, -3*h = 2*b - 59. What is the highest common factor of j and h?
1
Let h(r) = -37*r**3 - 101*r - 385. Let i be h(-4). What is the highest common factor of i and 434?
217
Suppose 20 = s - 4*p, 37*p + 43 = 5*s + 36*p. Suppose 0 = 4*i - i - 24. Calculate the greatest common factor of i and s.
8
Suppose -248064 = -188*h - 15*h - 69*h. What is the highest common factor of 9728 and h?
304
Suppose -20283 = -3*u - 5*n, -5277*u - 2*n = -5280*u + 20325. Calculate the highest common factor of u and 111.
111
Let c be 20/(-40)*(0 + -122) + 2. Suppose 2*h = 5*a - 5987, -4*a = 4*h - 5011 + 227. What is the greatest common factor of a and c?
63
Let h(c) = -49*c**3 + 2*c**2 - 1. Let w be h(-1). Let y = 2752 - 2677. What is the greatest common divisor of w and y?
25
Let q(v) = -v**2 + 97*v + 580. Let m be q(30). Calculate the greatest common divisor of m and 245.
35
Let y be 77 - 2*(-117)/18. What is the greatest common factor of y and 70?
10
Let h = 69 + -68. Let z be (-416)/8*(-3)/(6*h). What is the highest common divisor of 598 and z?
26
Suppose -7*l + 681 - 149 = 0. Let q = -124 + 219. Calculate the highest common factor of q and l.
19
Let c = -189 - -193. Suppose 0 = c*h - 531 - 413. Calculate the greatest common divisor of h and 4.
4
Let y(c) = -2*c**2 + 16*c - 9. Let s be y(7). Let l be (12/6)/(13/1885). What is the highest common divisor of l and s?
5
Suppose -281 - 79 = -4*l. Let a be (3 + (-84)/8)*(-2052)/l. Calculate the greatest common factor of 63 and a.
9
Let b = 185 - 257. Let k be b/(-6) - 1*-2. Calculate the highest common factor of k and 7.
7
Suppose 1881 - 488 + 938 = 37*b. What is the greatest common divisor of 3267 and b?
9
Suppose 0 = -3*t + 117 - 9. Suppose 0 = 15*o - 14*o - t. Calculate the highest common factor of o and 24.
12
Suppose -7*r - 3698 = -4783. What is the greatest common factor of r and 403?
31
Let m(s) = -10 - 2 + s**2 + 23 + 8*s. Let f be m(-7). Let w(q) = q**3 - 4*q**2 + 4*q - 8. Let k be w(f). What is the highest common factor of k and 2?
2
Let u = -32522 - -32537. Let g(k) = 216*k**3 - 2*k**2 + k. Let t be g(1). What is the highest common divisor of t and u?
5
Let x = -171 - -166. Let a(w) = -2*w**3 + 5*w**2 + 9*w - 7. Let z be a(x). What is the highest common factor of z and 57?
19
Suppose -5*r - 2*p + 18 = 0, 2*r - 6*p - 9 = -5*p. Suppose r*f - 19 = 3*f. Let j be (6/(-14))/((-31)/4123). Calculate the greatest common factor of j and f.
19
Let n(i) = -i**2 + 19*i + 270. Let v be n(-8). What is the highest common divisor of v and 126?
18
Let w be (6 - (0 - 0))*(0 + (-924)/(-56)). What is the highest common factor of w and 5511?
33
Suppose 16254 = -1576*w + 1590*w. What is the greatest common divisor of 756 and w?
27
Let j be (8/(32/50))/(2/12). Suppose 0 = -g - g - 3*y - 63, 2*g = y - j. Let o = -35 - g. Calculate the greatest common factor of 7 and o.
1
Let h be 147/(-70)*46 - (-4)/(-10). Let l(k) = -k**3 - 7*k**2 - 14*k - 15. Let c be l(-8). Let q = c + h. What is the highest common factor of q and 16?
16
Let a(l) = 2*l**2 + 7*l + 35. Let i be a(-14). Suppose -18*d = -i + 59. Suppose 4*q = 116 + 4. Calculate the highest common divisor of q and d.
15
Let t be 5/((-20)/44) + (94 - 55). Let c be 6 + 2 + -2 + -2. What is the highest common divisor of c and t?
4
Let l(c) = 37*c + 194. Let t be l(-5). Suppose -r - 75 = -3*j, -5*r = 2*j - 24 - t. Calculate the greatest common divisor of j and 24.
24
Let g(u) = 2*u + 2304*u**3 - 11 + 5*u**2 + 3*u**2 - 2318*u**3. Let i be g(-5). Suppose 8*s - i = -713. What is the greatest common divisor of s and 38?
38
Let q be (2 - 1 - (123 + 3)/(-21)) + 85. Calculate the highest common factor of 2783 and q.
23
Suppose 0 = -r + 2*r - 3, -4*m - 5*r + 34683 = 0. What is the greatest common factor of m and 81?
81
Let j = -902 + 2498. Calculate the greatest common factor of j and 210.
42
Let a = -3546 - -3623. Let i(m) = 21*m**2 + 2*m - 1. Let h be i(1). Calculate the highest common factor of h and a.
11
L